alculate m(-1).
4
Let o(f) = -344*f - 19922. What is o(-58)?
30
Let g(m) = -34986*m + 5072914. Give g(145).
-56
Let d(z) = -4510*z - 25. Give d(0).
-25
Let j(c) = -213937*c + 4064807. What is j(19)?
4
Let q(o) = -15738*o - 424912. What is q(-27)?
14
Let k(y) = 3917*y - 2052329. What is k(524)?
179
Let l(w) = -408*w**3 + 123*w**2 + 2*w - 4. What is l(-1)?
525
Let k(n) = n**3 - 4*n**2 - 974*n + 7727. What is k(8)?
191
Let i(u) = u**3 - 52*u**2 - 407*u + 10237. What is i(56)?
-11
Let v(y) = 3*y**2 + 62*y - 540. Give v(-29).
185
Let c(h) = 78963*h - 947209. Calculate c(12).
347
Let p(h) = -h - 1381. Determine p(-5).
-1376
Let q(f) = -10241*f + 30631. Give q(3).
-92
Let y(m) = 3*m**3 - 63*m**2 - 116*m + 2432. Give y(21).
-4
Let a(p) = -1268*p + 14620. Calculate a(12).
-596
Let h(g) = 5*g**2 - 4500*g + 132. Determine h(0).
132
Let z(a) = -21946*a + 131593. Determine z(6).
-83
Let o(s) = -s**3 - 223*s**2 - 1694*s - 39310. Calculate o(-216).
2
Let f(w) = 56*w + 2990. Determine f(-56).
-146
Let m(g) = 7*g**3 - 58*g**2 + 23*g + 2. Determine m(8).
58
Let n(t) = 476*t + 94758. Give n(-197).
986
Let p(b) = -5*b**3 + 152*b**2 - 458*b - 31. Determine p(27).
-4
Let z(o) = o**3 + 21*o**2 + 143*o - 138. Give z(-7).
-453
Let b(d) = -4120*d**2 - 28834*d + 19. What is b(-7)?
-23
Let c(n) = -5*n**2 - 102*n + 2692. Calculate c(19).
-1051
Let f(s) = 4791*s - 89653. Calculate f(19).
1376
Let k(t) = -77*t**2 + 27*t + 18. Determine k(-1).
-86
Let l(z) = z**3 - 46*z**2 + 125*z - 411. Give l(44).
1217
Let a(s) = -572*s + 53248. Calculate a(93).
52
Let i(n) = -n**3 - 56*n**2 - 745*n - 249. What is i(-21)?
-39
Let q(z) = -4075*z**2 - 933176*z - 248. Give q(-229).
-19
Let l(d) = 40030*d - 279901. Determine l(7).
309
Let f(t) = -34*t**2 - 791*t + 12826. Give f(11).
11
Let x(i) = 174363*i - 8543793. Give x(49).
-6
Let u(h) = -31*h**2 - 615*h + 73. Calculate u(-18).
1099
Let i(s) = -89*s + 24602. What is i(276)?
38
Let q(v) = 7893*v - 70983. Determine q(9).
54
Let u(l) = -72713*l - 363526. What is u(-5)?
39
Let h(m) = 189*m - 15935. What is h(83)?
-248
Let n(h) = h**2 + 4413*h - 232187. Give n(52).
-7
Let i(d) = 164*d**2 - 860*d - 730. Determine i(6).
14
Let a(y) = -8*y**2 - 435*y - 85. Determine a(-54).
77
Let f(u) = 11417*u - 11269. Calculate f(1).
148
Let f(r) = -9*r**2 - 747*r + 47246. Determine f(42).
-4
Let g(z) = 113*z - 19798. Calculate g(175).
-23
Let k(d) = -19*d**3 - 98*d**2 + 196*d + 1055. Determine k(-5).
0
Let m(n) = -536801*n - 2684024. Determine m(-5).
-19
Let l(a) = -2*a**2 - 552071*a + 2208310. Calculate l(4).
-6
Let l(u) = -8790*u + 3076504. Determine l(350).
4
Let o(n) = -118*n - 423. Calculate o(4).
-895
Let r(y) = 3926*y - 3254641. What is r(829)?
13
Let v(d) = 966*d**3 - d**2 + 3*d + 1. Determine v(-1).
-969
Let u(l) = l**3 - 99*l**2 + 342*l - 217426. Determine u(113).
-14
Let s(a) = -13*a**3 - 80*a**2 - 26*a - 84. Calculate s(-6).
0
Let p(b) = 12*b**3 + 752*b**2 - 249*b + 194. Calculate p(-63).
5
Let j(h) = 354*h**2 + 14820*h - 1977. Determine j(-42).
39
Let h(z) = 13691*z + 82263. Give h(-6).
117
Let t(k) = -358*k**2 - 3934*k - 67. Determine t(-11).
-111
Let p(k) = -7809*k + 1905334. What is p(244)?
-62
Let c(w) = -6*w**2 + 183*w + 1441. Calculate c(-8).
-407
Let l(j) = 3*j**2 + 2*j - 8. Calculate l(1).
-3
Let n(z) = -938*z**3 + 7*z**2 + 5*z - 2. Calculate n(-1).
938
Let p(n) = -229*n + 16668. What is p(73)?
-49
Let p(r) = 2*r**3 - 46*r**2 + r - 169. Determine p(19).
-3038
Let y(n) = -173*n - 2487. Calculate y(-14).
-65
Let d(k) = 286*k**3 - 4*k**2 + 57*k + 61. What is d(-1)?
-286
Let j(z) = -848*z**2 - 2728*z - 544. Calculate j(-3).
8
Let x(v) = 3*v**3 - 109*v**2 + 123*v - 3141. Calculate x(36).
-9
Let i(d) = -138751*d - 1526260. What is i(-11)?
1
Let a(g) = -g**3 + 278*g**2 - 2141*g + 675156. Calculate a(279).
-24
Let k(l) = -169546*l - 847740. Calculate k(-5).
-10
Let l(s) = s**2 - 21*s - 1062. Calculate l(-19).
-302
Let d(t) = -6*t**2 - 987*t - 12224. Determine d(-151).
7
Let k(r) = -3*r**3 - r**2 - 29170*r - 58346. Calculate k(-2).
14
Let f(x) = -297*x + 86995. What is f(294)?
-323
Let f(v) = -12097*v - 229914. Give f(-19).
-71
Let p(q) = -81154*q + 3327318. Give p(41).
4
Let s(i) = -8*i**3 + 4*i**2 + 48*i + 204. Determine s(-5).
1064
Let m(h) = 251*h + 11744. Calculate m(-47).
-53
Let u(m) = -m**3 - 190*m**2 - 603*m - 42739. Determine u(-188).
-63
Let c(t) = 1423*t**2 - 12781*t + 54. Calculate c(9).
288
Let n(o) = o**3 - 83*o**2 + 256*o - 687. What is n(80)?
593
Let p(g) = g**3 + 34*g**2 + 184*g + 427. Determine p(-28).
-21
Let s(h) = 2*h**3 - 11044*h**2 + 274848*h + 53. What is s(25)?
3
Let j(o) = -11*o**2 - 124*o - 144. Give j(-13).
-391
Let q(h) = -2*h**2 + 2326*h - 43479. Give q(19).
-7
Let h(d) = d**3 - 50*d**2 + 12*d + 1871. Calculate h(49).
58
Let s(d) = -8*d**2 + 1027*d + 676. Calculate s(129).
31
Let r(v) = -504*v + 7429. Calculate r(16).
-635
Let o(w) = -w**3 + 133*w**2 - 798*w - 39424. Calculate o(124).
8
Let f(g) = -g**3 + 1095*g**2 + 24576*g - 2217. Calculate f(1117).
17
Let x(m) = -239*m - 127155. Give x(-532).
-7
Let q(j) = -19675*j - 117977. What is q(-6)?
73
Let h(m) = -750*m + 220555. Determine h(294).
55
Let m(s) = -32301*s + 484508. Give m(15).
-7
Let x(w) = 1447*w + 7144. Determine x(-5).
-91
Let g(w) = 356793*w - 4281514. Determine g(12).
2
Let w(l) = l**3 + 4*l**2 + 28*l + 157. Give w(-6).
-83
Let d(r) = -r**2 - 5957*r + 288239. What is d(48)?
-1
Let d(h) = h**3 - 4*h**2 - 2921*h + 20333. Calculate d(7).
33
Let j(d) = d**2 - 132530*d + 1192676. Give j(9).
-13
Let f(s) = -s**3 + 7*s**2 + 346*s - 52. Give f(16).
3180
Let r(k) = -7*k**3 - 1418*k**2 - 6342*k - 1190. Determine r(-198).
-2
Let o(j) = -14*j**3 + 884*j**2 - 188*j + 137. Calculate o(63).
-3769
Let i(v) = -v**3 - 17*v**2 - 68*v - 1428. Give i(-17).
-272
Let r(c) = c**3 + 60*c**2 + 115*c - 208. Determine r(-58).
-150
Let w(s) = s**2 - 995*s + 178053. Give w(234).
-21
Let y(i) = 3189*i**2 + 161*i - 17. What is y(1)?
3333
Let q(d) = 12*d**3 - 3*d**2 + 233*d + 690. Give q(-3).
-360
Let q(l) = 299*l - 15259. Determine q(51).
-10
Let r(v) = 1957*v**2 + 27423*v + 13. Calculate r(-14).
-337
Let u(f) = 26*f**2 + 5614*f + 5427. Give u(-215).
267
Let j(v) = 4*v**2 + 175*v + 28. What is j(-41)?
-423
Let w(m) = -9*m**3 + 336*m**2 - 464*m + 13064. Determine w(37).
3
Let f(u) = 1193*u**3 + 31018*u**2 + u + 20. Determine f(-26).
-6
Let k(l) = 1612*l**2 + 3145*l - 129. Give k(-2).
29
Let l(t) = -13*t**2 - 65*t + 360. Give l(5).
-290
Let u(y) = 11*y**2 - 2471*y + 1569. Determine u(224).
1
Let t(f) = -162*f + 38291. Calculate t(207).
4757
Let x(k) = -99555*k - 12444368. Calculate x(-125).
7
Let h(i) = -i**3 + 15*i**2 + 318*i - 1059. What is h(3)?
3
Let f(g) = 486*g - 11559. Give f(24).
105
Let h(t) = -7*t**3 - 62*t**2 - 34*t + 23. Determine h(-10).
1163
Let k(y) = -3352*y + 2393333. Give k(714).
5
Let g(m) = m**3 - 253*m**2 + 14520*m + 35953. Calculate g(162).
-11
Let k(j) = 8*j**2 - 2473*j - 271839. What is k(-86)?
7
Let q(t) = t**3 + 49*t**2 + 376*t + 13218. Determine q(-47).
-36
Let c(x) = 2*x**2 + 269*x + 8149. Determine c(-46).
7
Let p(k) = 15*k**2 - 311*k + 1186. What is p(16)?
50
Let w(f) = -8953*f - 196982. Give w(-22).
-16
Let a(t) = t**3 + 216*t**2 + 635*t - 10. Give a(-3).
2
Let m(x) = -3547*x + 98. Determine m(0).
98
Let p(a) = -8819*a + 8826. Determine p(1).
7
Let b(r) = r**3 + 15*r**2 - 778*r - 11696. Determine b(-15).
-26
Let k(b) = -4*b**3 + 18*b**2 - 182*b + 961. Determine k(5).
1
Let r(i) = 93153*i + 1304156. Determine r(-14).
14
Let y(o) = -559*o**2 - 65982*o - 2345. What is y(-118)?
15
Let a(c) = c**3 + 15*c**2 - 33*c - 317. Give a(-10).
513
Let u(t) = 5*t**2 - 860*t + 4988. Determine u(166).
8
Let h(m) = m**3 - 284*m**2 - 17095*m + 3413. What is h(335)?
63
Let n(c) = c**3 - c**2 - 328*c + 3852. Determine n(14).
1808
Let f(q) = -2*q**2 + 1171*q + 31186. Calculate f(611).
25
Let w(o) = o**2 - 1407*o + 88503. What is w(66)?
-3
Let f(w) = -3776*w + 124542. Give f(33).
-66
Let a(l) = -16*l**3 + 477*l**2 + 3*l + 2593. What is a(30)?
-17
Let x(h) = -h**3 + 46*h**2 + 421*h - 1121. What is x(53)?
1529
Let y(n) = 16*n**2 + 3040*n + 3031. Give y(-189).
7
Let h(k) = -k**3 + 33*k**2 + 100*k - 10. What is h(-3)?
14
Let w(i) = i**2 + 71600*i + 501157. Give w(-7).
6
Let g(r) =